{"id":2,"date":"2025-02-17T21:20:03","date_gmt":"2025-02-17T21:20:03","guid":{"rendered":"https:\/\/cmep.be\/?page_id=2"},"modified":"2025-02-18T23:41:31","modified_gmt":"2025-02-18T23:41:31","slug":"anesthesie","status":"publish","type":"page","link":"https:\/\/cmep.be\/index.php\/anesthesie\/","title":{"rendered":"Anesth\u00e9sie visite pr\u00e9op\u00e9ratoire"},"content":{"rendered":"\t\t<div data-elementor-type=\"wp-page\" data-elementor-id=\"2\" class=\"elementor elementor-2\" data-elementor-post-type=\"page\">\n\t\t\t\t<div class=\"elementor-element elementor-element-3039d458 e-flex e-con-boxed e-con e-parent\" data-id=\"3039d458\" data-element_type=\"container\" data-e-type=\"container\">\n\t\t\t\t\t<div class=\"e-con-inner\">\n\t\t\t\t<div class=\"elementor-element elementor-element-7fa14c1d elementor-widget elementor-widget-text-editor\" data-id=\"7fa14c1d\" data-element_type=\"widget\" data-e-type=\"widget\" data-widget_type=\"text-editor.default\">\n\t\t\t\t<div class=\"elementor-widget-container\">\n\t\t\t\t\t\t\t\t\t\n<h2 data-start=\"159\" data-end=\"212\"><strong data-start=\"162\" data-end=\"210\">Votre visite pr\u00e9op\u00e9ratoire en toute s\u00e9r\u00e9nit\u00e9<\/strong><\/h2>\n<p data-start=\"214\" data-end=\"538\">Avant toute intervention chirurgicale, une consultation pr\u00e9op\u00e9ratoire avec un anesth\u00e9siste est essentielle.<\/p>\n\n<blockquote class=\"wp-block-quote is-layout-flow wp-block-quote-is-layout-flow\">\n<p>Parce que votre bien-\u00eatre est notre priorit\u00e9, ce rendez-vous est l\u2019occasion d\u2019adapter l\u2019anesth\u00e9sie \u00e0 vos besoins et d\u2019assurer votre s\u00e9curit\u00e9 lors de l\u2019op\u00e9ration.<\/p>\n<\/blockquote>\n\n<p>Ce rendez-vous permet d\u2019\u00e9valuer votre \u00e9tat de sant\u00e9, de choisir la technique anesth\u00e9sique la plus adapt\u00e9e et de r\u00e9pondre \u00e0 toutes vos questions afin d\u2019assurer votre s\u00e9curit\u00e9 et votre confort le jour de l\u2019op\u00e9ration.<\/p>\n\n<blockquote class=\"wp-block-quote is-layout-flow wp-block-quote-is-layout-flow\">\n<p>Pr\u00e9parer votre intervention en toute s\u00e9r\u00e9nit\u00e9.<\/p>\n<\/blockquote>\n\n<p>\u00a0<\/p>\n\t\t\t\t\t\t\t\t<\/div>\n\t\t\t\t<\/div>\n\t\t\t\t\t<\/div>\n\t\t\t\t<\/div>\n\t\t<div class=\"elementor-element elementor-element-1d2be7f e-flex e-con-boxed e-con e-parent\" data-id=\"1d2be7f\" data-element_type=\"container\" data-e-type=\"container\">\n\t\t\t\t\t<div class=\"e-con-inner\">\n\t\t\t\t<div class=\"elementor-element elementor-element-d3b3828 elementor-widget elementor-widget-html\" data-id=\"d3b3828\" data-element_type=\"widget\" data-e-type=\"widget\" data-widget_type=\"html.default\">\n\t\t\t\t<div class=\"elementor-widget-container\">\n\t\t\t\t\t<!DOCTYPE html>\n<html lang=\"fr\">\n<head>\n    <meta charset=\"UTF-8\">\n    <meta name=\"viewport\" content=\"width=device-width, initial-scale=1.0\">\n    <title>Agenda Int\u00e9gr\u00e9<\/title>\n    <style>\n        body {\n            margin: 0;\n            padding: 20px;\n            text-align: center;\n        }\n        .iframe-container {\n            width: 100%;\n            height: 80vh;\n        }\n        iframe {\n            width: 100%;\n            height: 100%;\n            border: none;\n        }\n    <\/style>\n<\/head>\n<body>\n    <h1>Bienvenue sur l'Agenda<\/h1>\n    <p>Veuillez choisir un cr\u00e9neau disponible :<\/p>\n    <div class=\"iframe-container\">\n        <iframe src=\"https:\/\/agenda.mediris.be\/appointments?agenda=198b3948-6b54-4fe6-9bf0-a222e8566db7&careprovider=35a21ebe-14a2-4d59-8799-9d7b9b2061d8&location=df80fb8a-0655-4536-affe-025b40260416\"><\/iframe>\n    <\/div>\n<\/body>\n<\/html>\n\t\t\t\t<\/div>\n\t\t\t\t<\/div>\n\t\t\t\t\t<\/div>\n\t\t\t\t<\/div>\n\t\t\t\t<\/div>\n\t\t","protected":false},"excerpt":{"rendered":"<p>Votre visite pr\u00e9op\u00e9ratoire en toute s\u00e9r\u00e9nit\u00e9 Avant toute intervention chirurgicale, une consultation pr\u00e9op\u00e9ratoire avec un anesth\u00e9siste est essentielle. Parce que votre bien-\u00eatre est notre priorit\u00e9, ce rendez-vous est l\u2019occasion d\u2019adapter l\u2019anesth\u00e9sie \u00e0 vos besoins et d\u2019assurer votre s\u00e9curit\u00e9 lors de l\u2019op\u00e9ration. Ce rendez-vous permet d\u2019\u00e9valuer votre \u00e9tat de sant\u00e9, de choisir la technique anesth\u00e9sique la plus adapt\u00e9e et de r\u00e9pondre \u00e0 toutes vos questions afin d\u2019assurer votre s\u00e9curit\u00e9 et votre confort le jour de l\u2019op\u00e9ration. Pr\u00e9parer votre intervention en toute s\u00e9r\u00e9nit\u00e9. \u00a0 Agenda Int\u00e9gr\u00e9 Bienvenue sur l&rsquo;Agenda Veuillez choisir un cr\u00e9neau disponible :<\/p>\n","protected":false},"author":1,"featured_media":54,"parent":0,"menu_order":0,"comment_status":"closed","ping_status":"open","template":"","meta":{"footnotes":""},"class_list":["post-2","page","type-page","status-publish","has-post-thumbnail"],"_links":{"self":[{"href":"https:\/\/cmep.be\/index.php\/wp-json\/wp\/v2\/pages\/2","targetHints":{"allow":["GET"]}}],"collection":[{"href":"https:\/\/cmep.be\/index.php\/wp-json\/wp\/v2\/pages"}],"about":[{"href":"https:\/\/cmep.be\/index.php\/wp-json\/wp\/v2\/types\/page"}],"author":[{"embeddable":true,"href":"https:\/\/cmep.be\/index.php\/wp-json\/wp\/v2\/users\/1"}],"replies":[{"embeddable":true,"href":"https:\/\/cmep.be\/index.php\/wp-json\/wp\/v2\/comments?post=2"}],"version-history":[{"count":21,"href":"https:\/\/cmep.be\/index.php\/wp-json\/wp\/v2\/pages\/2\/revisions"}],"predecessor-version":[{"id":153,"href":"https:\/\/cmep.be\/index.php\/wp-json\/wp\/v2\/pages\/2\/revisions\/153"}],"wp:featuredmedia":[{"embeddable":true,"href":"https:\/\/cmep.be\/index.php\/wp-json\/wp\/v2\/media\/54"}],"wp:attachment":[{"href":"https:\/\/cmep.be\/index.php\/wp-json\/wp\/v2\/media?parent=2"}],"curies":[{"name":"wp","href":"https:\/\/api.w.org\/{rel}","templated":true}]}}